{"id":6461,"date":"2023-06-16T05:22:41","date_gmt":"2023-06-16T08:22:41","guid":{"rendered":"https:\/\/nutrineem.com.br\/?page_id=6461"},"modified":"2023-06-16T05:26:17","modified_gmt":"2023-06-16T08:26:17","slug":"politica-de-garantia","status":"publish","type":"page","link":"https:\/\/nutrineem.com.br\/?page_id=6461","title":{"rendered":"Termos e Condi\u00e7\u00f5es"},"content":{"rendered":"\t\t<div data-elementor-type=\"wp-page\" data-elementor-id=\"6461\" class=\"elementor elementor-6461\">\n\t\t\t\t\t\t\t\t\t<section class=\"elementor-section elementor-top-section elementor-element elementor-element-1bfa24a elementor-section-boxed elementor-section-height-default elementor-section-height-default\" data-id=\"1bfa24a\" data-element_type=\"section\">\n\t\t\t\t\t\t<div class=\"elementor-container elementor-column-gap-default\">\n\t\t\t\t\t<div class=\"elementor-column elementor-col-100 elementor-top-column elementor-element elementor-element-e6b646f\" data-id=\"e6b646f\" data-element_type=\"column\">\n\t\t\t<div class=\"elementor-widget-wrap elementor-element-populated\">\n\t\t\t\t\t\t\t\t<div class=\"elementor-element elementor-element-8fbee42 elementor-widget elementor-widget-text-editor\" data-id=\"8fbee42\" data-element_type=\"widget\" data-widget_type=\"text-editor.default\">\n\t\t\t\t<div class=\"elementor-widget-container\">\n\t\t\t<style>\/*! elementor - v3.15.0 - 09-08-2023 *\/\n.elementor-widget-text-editor.elementor-drop-cap-view-stacked .elementor-drop-cap{background-color:#69727d;color:#fff}.elementor-widget-text-editor.elementor-drop-cap-view-framed .elementor-drop-cap{color:#69727d;border:3px solid;background-color:transparent}.elementor-widget-text-editor:not(.elementor-drop-cap-view-default) .elementor-drop-cap{margin-top:8px}.elementor-widget-text-editor:not(.elementor-drop-cap-view-default) .elementor-drop-cap-letter{width:1em;height:1em}.elementor-widget-text-editor .elementor-drop-cap{float:left;text-align:center;line-height:1;font-size:50px}.elementor-widget-text-editor .elementor-drop-cap-letter{display:inline-block}<\/style>\t\t\t\t<h1>TERMOS E CONDI\u00c7\u00d5ES DE USO<\/h1>\n<p><\/p>\n<p>Bem vindos ao nosso site! NUTRINEEM PRODUTOS NATURAIS &nbsp;oferece a comercializa\u00e7\u00e3o de seus produtos tamb\u00e9m online. Para a melhor e mais segura utiliza\u00e7\u00e3o dos nossos servi\u00e7os tem-se os termos e condi\u00e7\u00f5es de uso, os quais definem as condi\u00e7\u00f5es gerais aplic\u00e1veis \u00e0 utiliza\u00e7\u00e3o dos produtos e servi\u00e7os dispon\u00edveis aqui.<\/p>\n<p>Vale ressaltar o nosso comprometimento com as leis vigentes no Brasil, principalmente com a Lei 8.078\/90 (C\u00f3digo de Defesa do Consumidor).<\/p>\n<p>O site e todo seu conte\u00fado s\u00e3o de propriedade exclusiva da EMPRESA NUTRINEEM PRODUTOS NATURAIS . Ao se cadastrar em nosso site, voc\u00ea concordar\u00e1 com os nossos Termos de Uso. Os usu\u00e1rios cadastrados tamb\u00e9m est\u00e3o protegidos por nossa Pol\u00edtica de Privacidade.<\/p>\n<p><\/p>\n<h1>1. OBJETIVO<\/h1>\n<p><\/p>\n<p>Atrav\u00e9s do site, NUTRINEEM PRODUTOS NATURAIS &nbsp;disponibiliza aos usu\u00e1rios registrados o acesso \u00e0 compra de nossos produtos. Para tanto, \u00e9 preciso estabelecer esclarecimentos acerca do oferecido e utiliza\u00e7\u00e3o dos servi\u00e7os pelos Usu\u00e1rios.<\/p>\n<p><\/p>\n<h1>2. USO DO SERVI\u00c7O.<\/h1>\n<p><\/p>\n<p>Para utilizar nossos servi\u00e7os, o Usu\u00e1rio dever\u00e1 preencher corretamente a Ficha Cadastral, fornecendo todos os dados que lhe forem solicitados.<\/p>\n<p>2.1 O usu\u00e1rio declara que os dados do cadastro s\u00e3o ver\u00eddicos e corretos e reconhece ser de sua responsabilidade os inver\u00eddicos dados porventura existentes.<\/p>\n<p>2.2. Ao aceitar os servi\u00e7os o Usu\u00e1rio estar\u00e1 declarando ser maior de 18 anos ou menor de 18 anos devidamente autorizado pelos pais ou respons\u00e1veis.<\/p>\n<p>2.3. O espa\u00e7o em disco reservado para cada Usu\u00e1rio para armazenamento de dados ser\u00e1 limitado \u00e0s informa\u00e7\u00f5es ali permitidas. O Usu\u00e1rio desde j\u00e1 reconhece que a empresa n\u00e3o poder\u00e1 ser responsabilizada por poss\u00edveis falhas no armazenamento de dados, nem pela m\u00e1 utiliza\u00e7\u00e3o por parte de terceiros.<\/p>\n<p><\/p>\n<h1>3. REGISTRO E OBRIGA\u00c7\u00c3O DE USU\u00c1RIOS<\/h1>\n<p><\/p>\n<p>Para se tornar um cliente EMPRESA NUTRINEEM PRODUTOS NATURAIS , os usu\u00e1rios devem preencher todas as informa\u00e7\u00f5es necess\u00e1rias com dados pessoais v\u00e1lidos e cabe ao usu\u00e1rio a confer\u00eancia e valida\u00e7\u00e3o destas informa\u00e7\u00f5es. Se o cliente informar, por exemplo, um endere\u00e7o para entrega que n\u00e3o corresponde ao destino esperado entender\u00e1 que este dever\u00e1 ser o destino da entrega e n\u00e3o nos responsabilizaremos pelo extravio do pedido.<\/p>\n<p>\u00c9 proibido uma pessoa ter mais de um registro no site. Se o registro duplicado de um indiv\u00edduo for detectado, NUTRINEEM PRODUTOS NATURAIS &nbsp;se reserva no direito de excluir definitivamente estes registros e de usar todos os meios necess\u00e1rios para confirmar a validade dos cadastros e tem o direito de solicitar documenta\u00e7\u00e3o adicional a fim de auxiliar este processo.<\/p>\n<p>Cada Usu\u00e1rio poder\u00e1 ter somente uma conta de cadastro personalizada com seu nome. Essa conta pessoal poder\u00e1 ser utilizada em um ou mais computadores (ex.: casa, escrit\u00f3rio), mas n\u00e3o poder\u00e1 ser usada em mais de um computador ao mesmo tempo.<\/p>\n<p>O Usu\u00e1rio se obriga a manter sigilo sobre a sua senha de acesso ao servi\u00e7o, permanecendo respons\u00e1vel pelo uso de sua conta pessoal.<\/p>\n<p>O Usu\u00e1rio compromete-se a notificar imediatamente a empresa sobre qualquer uso n\u00e3o autorizado de sua conta pessoal.<\/p>\n<p>O Usu\u00e1rio garante que todas as informa\u00e7\u00f5es fornecidas s\u00e3o verdadeiras, completas e n\u00e3o cont\u00eam erros. O Usu\u00e1rio obriga-se a manter suas informa\u00e7\u00f5es cadastrais constantemente atualizadas junto \u00e0 EMPRESA NUTRINEEM PRODUTOS NATURAIS .<\/p>\n<p><\/p>\n<h1>4. PROMO\u00c7\u00d5ES<\/h1>\n<p><\/p>\n<p>Todas as promo\u00e7\u00f5es realizadas aqui ter\u00e3o termos e condi\u00e7\u00f5es espec\u00edficos e os interessados em participar delas ser\u00f5es respons\u00e1veis por ler e entender suas regras, limites, termos e condi\u00e7\u00f5es.<\/p>\n<p><\/p>\n<h1>5. PRE\u00c7OS E ESTOQUES<\/h1>\n<p><\/p>\n<p>NUTRINEEM PRODUTOS NATURAIS &nbsp;se reserva no direito de corrigir eventuais erros causados ao divulgar pre\u00e7os dos nossos produtos e n\u00e3o se compromete a vender o produto pelo pre\u00e7o ofertado. NUTRINEEM PRODUTOS NATURAIS &nbsp;trabalha com a venda de produtos com estoque limitado, portanto todas as promo\u00e7\u00f5es e divulga\u00e7\u00f5es est\u00e3o sujeitas \u00e0 disponibilidade de estoque.<\/p>\n<p><\/p>\n<h1>6. PAGAMENTO<\/h1>\n<p><\/p>\n<p>Conforme negocia\u00e7\u00e3o com Propriet\u00e1rios e Compradores.<\/p>\n<p><\/p>\n<h1>&nbsp;7. TRANSPORTE, REEMBOLSOS E TROCAS.<\/h1>\n<p><\/p>\n<p>A entrega \u00e9 realizada por meio de terceiros e seu valor est\u00e1 sujeito a altera\u00e7\u00f5es. Os membros d NUTRINEEM PRODUTOS NATURAIS &nbsp;concordam em reconhecer que os pre\u00e7os de transporte est\u00e3o fora do controle da empresa, no entanto, vamos trabalhar para garantir os melhores pre\u00e7os poss\u00edveis para os servi\u00e7os de entrega com qualidade.<\/p>\n<p>Atrasos na entrega poder\u00e3o surgir como resultado de limita\u00e7\u00f5es log\u00edsticas de terceiros, greve, etc. NUTRINEEM PRODUTOS NATURAIS &nbsp;n\u00e3o \u00e9 respons\u00e1vel por problemas de entrega, caso ocorra, ENTRE EM CONTATO para resolver o problema o mais r\u00e1pido poss\u00edvel.<\/p>\n<p>As compras podem ser devolvidas e o valor pago reembolsado no prazo de 30 dias a partir da data da entrega. Trocas por outros itens de igual ou maior valor tamb\u00e9m s\u00e3o permitidas no prazo de 30 dias a partir da data da entrega. Caso o cliente queira devolver ou trocar um item, o produto deve estar sem sinais de uso, em sua embalagem original e com a nota fiscal enviada com o produto.<\/p>\n<p>N\u00e3o \u00e9 poss\u00edvel realizar trocas por produtos de promo\u00e7\u00e3o, pois n\u00e3o h\u00e1 como garantir disponibilidade de estoque desses itens.<\/p>\n<p>O reembolso \u00e9 realizado apenas para o valor pago e n\u00e3o reembolsamos o valor do frete.<\/p>\n<p><\/p>\n<h1>8. PROPRIEDADE INTELECTUAL<\/h1>\n<p><\/p>\n<p>Todos os produtos do site, juntamente com seus designs, layouts, textos e outros conte\u00fados do site s\u00e3o de propriedade da EMPRESA NUTRINEEM PRODUTOS NATURAIS .<\/p>\n<p>\u00c9 estritamente proibido: (a) copiar, distribuir ou divulgar qualquer parte de nossos produtos e servi\u00e7os por qualquer meio, (b) divulgar spam, correntes, ou outras formas de e-mail n\u00e3o solicitadas e n\u00e3o autorizada pela empresa propriet\u00e1ria do direito; (c) tentar interferir ou comprometer a integridade ou seguran\u00e7a de qualquer parte de nossas opera\u00e7\u00f5es on-line, (d) coletar ou capturar qualquer informa\u00e7\u00e3o pessoal de identifica\u00e7\u00e3o de membros ou funcion\u00e1rios; (e) realizar fraudes ou ocultar a sua identidade; (f) tentativa de ignorar quaisquer m\u00e9todos que a empresa possa usar para impedir ou restringir o acesso ao nosso servi\u00e7o ou qualquer um dos seus componentes; (g) incluir &#8220;EMPRESA NUTRINEEM PRODUTOS NATURAIS &#8221; em qualquer nome de dom\u00ednio ou endere\u00e7o eletr\u00f4nico com a finalidade de copiar qualquer componente do servi\u00e7o ou a cria\u00e7\u00e3o de mensagens spam ou fraudes, produtos ou servi\u00e7os.<\/p>\n<p><\/p>\n<h1>9. SAN\u00c7\u00d5ES<\/h1>\n<p><\/p>\n<p>NUTRINEEM PRODUTOS NATURAIS &nbsp;poder\u00e1 avisar, suspender ou encerrar a conta de qualquer usu\u00e1rio a qualquer momento quando julgar necess\u00e1rio e buscar a\u00e7\u00f5es legais cab\u00edveis se for determinado que um usu\u00e1rio: (a) n\u00e3o cumpriu com os Termos de Uso; (b) pratica ou facilita atividades fraudulentas e \/ ou (c) fornece informa\u00e7\u00f5es falsas ou n\u00e3o verific\u00e1veis. Estando tais a\u00e7\u00f5es, graves, sujeitas \u00e0s a\u00e7\u00f5es no \u00e2mbito judici\u00e1rio.<\/p>\n<p><\/p>\n<h1>10. PRIVACIDADE<\/h1>\n<p><\/p>\n<p>NUTRINEEM PRODUTOS NATURAIS &nbsp;tem a privacidade de seus usu\u00e1rios como muito importante. Confira nossa Pol\u00edtica de Privacidade.<\/p>\n<p>Se cadastrando em nosso site voc\u00ea aceita que enviemos mensagens de e-mail ou mensagens em outros tipos de formatos, referentes a comunica\u00e7\u00f5es espec\u00edficas de natureza comercial. Caso n\u00e3o queira mais receber as referidas mensagens poder\u00e1 solicitar o cancelamento a qualquer momento. Quaisquer d\u00favidas, coment\u00e1rios ou reclama\u00e7\u00f5es podem ser dirigidos ao contato no site.<\/p>\n<p><\/p>\n<h1>12. MODIFICA\u00c7\u00d5ES<\/h1>\n<p><\/p>\n<p>NUTRINEEM PRODUTOS NATURAIS &nbsp;pode modificar os Termos de Uso a qualquer momento a fim de melhorar o seu servi\u00e7o aos clientes.<\/p>\n<p><\/p>\n<h1>13. COMPET\u00caNCIA<\/h1>\n<p><\/p>\n<p>Todos os itens destes Termos de Uso s\u00e3o regidos pelas leis da Rep\u00fablica Federativa do Brasil. A \u00faltima atualiza\u00e7\u00e3o deste Termo de Uso foi feita em 05\/08\/2014. Qualquer situa\u00e7\u00e3o fica eleito o foro da comarca de Cascavel-PR.<\/p>\n<div>&nbsp;<\/div>\t\t\t\t\t\t<\/div>\n\t\t\t\t<\/div>\n\t\t\t\t\t<\/div>\n\t\t<\/div>\n\t\t\t\t\t\t\t<\/div>\n\t\t<\/section>\n\t\t\t\t\t\t\t<\/div>\n\t\t","protected":false},"excerpt":{"rendered":"<p>TERMOS E CONDI\u00c7\u00d5ES DE USO Bem vindos ao nosso site! NUTRINEEM PRODUTOS NATURAIS &nbsp;oferece a comercializa\u00e7\u00e3o de seus&#8230;<\/p>\n","protected":false},"author":1,"featured_media":0,"parent":0,"menu_order":0,"comment_status":"closed","ping_status":"closed","template":"","meta":{"om_disable_all_campaigns":false,"inline_featured_image":false,"_monsterinsights_skip_tracking":false,"_monsterinsights_sitenote_active":false,"_monsterinsights_sitenote_note":"","_monsterinsights_sitenote_category":0},"aioseo_notices":[],"_links":{"self":[{"href":"https:\/\/nutrineem.com.br\/index.php?rest_route=\/wp\/v2\/pages\/6461"}],"collection":[{"href":"https:\/\/nutrineem.com.br\/index.php?rest_route=\/wp\/v2\/pages"}],"about":[{"href":"https:\/\/nutrineem.com.br\/index.php?rest_route=\/wp\/v2\/types\/page"}],"author":[{"embeddable":true,"href":"https:\/\/nutrineem.com.br\/index.php?rest_route=\/wp\/v2\/users\/1"}],"replies":[{"embeddable":true,"href":"https:\/\/nutrineem.com.br\/index.php?rest_route=%2Fwp%2Fv2%2Fcomments&post=6461"}],"version-history":[{"count":6,"href":"https:\/\/nutrineem.com.br\/index.php?rest_route=\/wp\/v2\/pages\/6461\/revisions"}],"predecessor-version":[{"id":6467,"href":"https:\/\/nutrineem.com.br\/index.php?rest_route=\/wp\/v2\/pages\/6461\/revisions\/6467"}],"wp:attachment":[{"href":"https:\/\/nutrineem.com.br\/index.php?rest_route=%2Fwp%2Fv2%2Fmedia&parent=6461"}],"curies":[{"name":"wp","href":"https:\/\/api.w.org\/{rel}","templated":true}]}}